- (s - (-28)/4)?
7
Let d(u) = 1025*u + 25. Let a be 16/(-4)*3/12 - -2. What is the units digit of d(a)?
0
What is the ten thousands digit of (21/(-56))/(18/(-2447664))?
5
Suppose 20*b + 47*b - 693437 = 713027. What is the thousands digit of b?
0
Suppose 5*x - 2*d = 9, 3*x - 6*x = -3*d. What is the hundreds digit of -5 - (1 + x - 7) - -712?
7
Let x be (2*(-2)/8)/(3/(-36)). Suppose x*m - 2*m - 6 = -2*p, -2*m + 7 = -3*p. Suppose -m*o - 4*o = -750. What is the hundreds digit of o?
1
Let o(g) = -g**3 + 17*g**2 - 10*g + 19. Suppose 3*f + 13 = 55. What is the tens digit of o(f)?
6
Suppose -q = 2*q + 12, 0 = s + 5*q - 553. Let n = -150 + s. What is the tens digit of n?
2
Let q = 3320 + -2828. What is the tens digit of q?
9
Suppose 6*d - d = -4*t + 211, 0 = 2*t - 3*d - 111. Let i = -129 + 117. Let w = t + i. What is the tens digit of w?
4
Let t = 740 + 813. What is the hundreds digit of t?
5
Let w be 4/(-2) - 651/(-1 + -2). Let g = 221 - w. What is the units digit of g?
6
What is the units digit of (33/(-18) - -2) + 5276246/276?
7
Let t = 60943 + -37938. What is the units digit of t?
5
Let i(h) = -159*h + 531. What is the tens digit of i(3)?
5
Let v = 1144 + -597. Let a = -166 + v. What is the tens digit of a?
8
What is the hundreds digit of (-54)/15 + 4 - 502392/(-120)?
1
Let s(m) = -3*m**3 + m**2 - 1. Let f be s(-1). Let o(z) be the second derivative of 26*z**3/3 - z**2/2 + 155*z. What is the hundreds digit of o(f)?
1
Suppose 16*f - 2110 = 946. Suppose 4*a = r - a - f, 3*a = r - 183. What is the units digit of r?
1
Let l(h) = 2*h + 15. Let d be l(-7). Let p(o) = 324*o**3 + o**2 - 1. Let n be p(d). What is the units digit of -3 + n/15 + 6/15?
9
Let o = 5926 + 12604. What is the units digit of o?
0
Suppose -3*x = 3, -16455 = -4*n - 11*x + 10*x. What is the hundreds digit of n?
1
Suppose 900 = -11*a + 2583. Let o(c) = -16*c - 3. Let g be o(5). Let r = a + g. What is the tens digit of r?
7
Let x be ((-28)/(-42) - (-2)/(-3)) + 399. Suppose 13 = 2*n - x. Let y = n - 107. What is the units digit of y?
9
Let c = 159 - 39. Suppose -280 = c*n - 128*n. What is the units digit of n?
5
Let s(r) = r**3 - 2*r**2 - 12. Suppose 4*v - 2 = 14. Let p be s(v). Suppose -9*n - p = -14*n. What is the units digit of n?
4
Let v(s) = 2789*s - 11681. What is the tens digit of v(24)?
5
Let l(w) = -7*w**3 + 22*w**2 - 7*w + 24. Let a(q) = -8*q**3 + 22*q**2 - 7*q + 23. Let k(y) = 6*a(y) - 7*l(y). What is the tens digit of k(22)?
2
Let v(l) = -l**3 + 16*l**2 - 14*l - 42. Let x be v(14). Suppose 3*u + u = 2*r - x, -2*u - 247 = -3*r. What is the tens digit of r?
8
Let l(k) = -k**3 + 11*k**2 - 7*k + 4. Let q(w) = 2*w**3 - 10*w**2 + 8*w - 3. Let o(a) = -4*l(a) - 3*q(a). What is the tens digit of o(-8)?
8
Let u(s) = 7967*s**2 + 16*s + 36. What is the ten thousands digit of u(-2)?
3
Let y be -1 - ((-15)/(-3) + 0). Let n be ((-4)/y)/(1/6). What is the tens digit of (-2)/(n/(-15))*6?
4
Let a = -136 - -194. Let i = 30 - a. What is the units digit of 2/(-8) + (-1407)/i?
0
What is the ten thousands digit of ((-609)/4)/((-3)/(-12) + (-870)/3408)?
2
Let f = 92226 - 57675. What is the tens digit of f?
5
Suppose -j = -198 + 191, -3*j = -5*b + 44744. What is the thousands digit of b?
8
Suppose 13*t - 5*t = 32. Suppose 0 = -w + 3*w - 3*d - 253, 260 = 2*w + t*d. What is the tens digit of w?
2
Let f = 59264 + -16254. What is the ten thousands digit of f?
4
Suppose 5*q + q - 48 = 0. What is the units digit of ((-1)/1 + 3)*1328/q?
2
Let i be -7 + 4 + 0 + (4 - 5). What is the units digit of -18651*i/108 - 6/(-27)?
1
Suppose 21 = 3*q - 0, -n - 5*q + 3942 = 0. What is the tens digit of n?
0
Suppose -4*o = -10*k - 51190, -12*o + 2*k = -11*o - 12797. What is the units digit of o?
5
Let y(m) = m**2 - 16*m + 27. Let p be y(14). Let v be ((-1)/(-4))/1*(9 + p). What is the hundreds digit of v - (-190 - 3 - 0)?
1
Suppose -17174 - 13906 = -12*m. Suppose -10*g + 3520 + m = 0. What is the hundreds digit of g?
6
Let c be -1*(-84)/7 - 3. Suppose 0*g + c*g - 7002 = 0. What is the hundreds digit of g?
7
Let q(r) = -7*r**3 - 2*r**2 - 2*r - 1. Let h be q(-1). Suppose -5*n - 58 = -0*p - 3*p, 5*n + h = p. What is the tens digit of p?
2
Let k be (-5 + 2)*3/(-3). Suppose 20 = k*o - 5*o. What is the units digit of (-2)/o*5*62?
2
Suppose -s = 2*l + 5 - 7, -3*s + 6 = -3*l. Suppose 21 = s*z - 21. Let o = 39 - z. What is the units digit of o?
8
Let b(f) = -1248*f + 4643. What is the tens digit of b(-41)?
1
Let s be 2/4*((0 - 7) + -13). What is the units digit of (-15)/(-6) - 4085/s?
1
Suppose 4*y = 4*b + 26 - 22, 0 = 2*y + 2. What is the units digit of (1973/b - 2)*52/(-78)?
9
Let f(v) = 7*v + 61. Let u(r) = 3*r + 60. Let l(t) = 4*f(t) - 5*u(t). What is the units digit of l(9)?
1
Let h(t) = -18*t**2 + 10*t + 1. Let g be h(-3). Let y = g + 111. Let i = y - -195. What is the units digit of i?
5
Let l = 20223 - 6001. What is the units digit of l?
2
Let i be (24/2)/((-4)/(1 - 5)). Suppose -i*g + 598 = -10*g. What is the hundreds digit of g?
2
Suppose 0 = -498*m + 1050828 + 12532122. What is the tens digit of m?
7
Suppose -3*m = -15, 5*m - 35 = -5*l - 0*m. Suppose -5*b + 116 = -2*d, -5*d - 3*b = -l*b + 344. Let x = d + 156. What is the units digit of x?
8
Let r(z) = -410*z - 210. What is the hundreds digit of r(-12)?
7
Let h = 9037 + -2944. What is the thousands digit of h?
6
Let s(k) = 32*k**3 - 5*k + 15*k**3 + k**2 + 1 + 3*k + k. Let c(h) = 25*h + 826. Let f be c(-33). What is the units digit of s(f)?
8
Let t(p) = 70*p + 59. Let b(g) = g**2 + 29*g + 145. Let d be b(-6). What is the hundreds digit of t(d)?
5
Suppose -37*m = -319*m + 3*m + 6121260. What is the hundreds digit of m?
9
Suppose 36*o - 459 - 3213 = 0. What is the tens digit of (18 + -15)/(2 + (-203)/o)?
0
Let n(w) = 4*w**2 - 177*w - 2391. What is the tens digit of n(-88)?
6
Let b(v) be the first derivative of v**3/3 + v**2 + 52*v + 30. Let w be b(0). What is the tens digit of w + (2 + -5)*(3 - 4)?
5
Let k(z) = 2*z**3 - 136*z**2 - 110*z - 176. What is the ten thousands digit of k(70)?
1
Let u(a) = -8*a + 19. Let k(x) = -27*x + 54. Let j(y) = -3*k(y) + 8*u(y). Suppose 0*h = -4*h + 28. What is the hundreds digit of j(h)?
1
Suppose 0 = 164*x - 100*x - 842048. What is the ten thousands digit of x?
1
Suppose 20*c + 4 = 21*c. Suppose k = -c*h - 12, 0*h = 4*k - h - 37. Suppose -k = -2*b + 2, 532 = 2*r + 2*b. What is the units digit of r?
1
Suppose -5*s = 4*z + 12, -5*z - 22 = -2*s - 7. Suppose s = 4*u - 26*u + 7634. What is the tens digit of u?
4
Suppose -2*t - t - 3*c = 81, -t - 45 = -5*c. Let n = t - -164. What is the units digit of n?
4
Suppose 2*h = 6*h - 4*o - 16900, -5*h + 4*o = -21127. What is the thousands digit of h?
4
Let r = 5 - 3. Let a be 15 - 17 - (-720)/r. Suppose -2*y + a = 3*p, 6*p + 694 = 4*y + p. What is the hundreds digit of y?
1
Suppose -h + 5*f + 4 = -5*h, 2*h - 3*f - 20 = 0. Let g = 244 - 16. Suppose -4*d + g = h*o, 3*d + 4*o - 74 = 100. What is the units digit of d?
4
Let v(d) = 245*d**3 - d - 241*d**3 + d + 4*d + 11 - 6*d**2. What is the hundreds digit of v(4)?
1
Suppose -164238 - 265922 = -13*b - 113753. What is the ten thousands digit of b?
2
Suppose -7*g + 4056 = -1117. Let c be -2*g/(-2) - -2. Suppose c - 16 = 5*t. What is the tens digit of t?
4
Let v be 2/4 + (-18)/(-4) + -3. Let t(a) = -10 + 0 + 10*a**v + 7. What is the tens digit of t(-2)?
3
Suppose -r + 3*j + 0*j = 28, 200 = -5*r - 5*j. Let h = -36 - r. Suppose 3*f + 78 = 5*z - 4*z, -h = f. What is the units digit of z?
5
Let b = -943 + 4717. Suppose 29*h - b = -1599. What is the units digit of h?
5
Suppose -q - 2*q + 3*h - 30 = 0, 2*q + 2*h = -4. Let i be (4/q)/(-1) - 48/(-9). What is the tens digit of (-14)/(-84) - (-173)/i?
2
Suppose 35*y = 40*y - 180. What is the tens digit of (-4210)/(-9) - (-4 - (-136)/y)?
6
Let g = -636 + 608. What is the units digit of g/(-28)*(-22)/(-1)?
2
Let f(a) = 11*a**3 - 7*a**2 - 6. Let m be f(5). Suppose 4*u = -2*o + 3908 - m, -5*u = 5. What is the tens digit of o?
5
Let d(i) = -i**3 - 8*i**2 - 2*i + 17. Let w be d(-7). Let s = w + 44. Suppose -49 = -x - s. What is the units digit of x?
3
Let b(u) = -13*u**2 - 691*u + 39. What is the units digit of b(-49)?
5
What is the tens digit of ((-3171 - 5)/8)/(1/(-34)) + -5?
9
Let l(j) be the third derivative of 35*j**4/2